 28995871 composite?
False
Is 4740029 composite?
True
Is 8640479 a composite number?
True
Is 1486517 a prime number?
True
Is 13556437 composite?
False
Is 73722469 prime?
False
Is 18429 a composite number?
True
Is 11167669 a composite number?
True
Is 5048489 a prime number?
True
Is 168086491 a prime number?
False
Is 3935563 prime?
True
Is 917531599 a prime number?
False
Is 1744413881 prime?
False
Is 4407527 composite?
True
Is 99028639 a prime number?
False
Is 11927165 a prime number?
False
Is 759066949 composite?
True
Is 55154353 prime?
True
Is 4267066 prime?
False
Is 41811701 prime?
True
Is 18741523 a composite number?
False
Is 126070239 a prime number?
False
Is 161358973 prime?
False
Is 428771653 prime?
False
Is 324739 prime?
False
Is 113743 a composite number?
True
Is 4779949 a composite number?
False
Is 6184909 a prime number?
True
Is 4395989 prime?
False
Is 437736359 composite?
True
Is 156495907 composite?
True
Is 2293981 a prime number?
True
Is 172699871 a prime number?
False
Is 260951 a composite number?
False
Is 1418741 a prime number?
True
Is 266353357 a prime number?
False
Is 3264047 prime?
True
Is 131781989 a prime number?
True
Is 233881771 a prime number?
True
Is 196843 a prime number?
False
Is 14596543 prime?
False
Is 14151743 prime?
True
Is 4269469 prime?
True
Is 102208259 composite?
True
Is 11475131 a prime number?
True
Is 3078043 a prime number?
True
Is 17548583 a prime number?
False
Is 52590721 prime?
True
Is 769001 prime?
False
Is 37303811 prime?
True
Is 458209 a composite number?
True
Is 8668301 a composite number?
False
Is 257179243 prime?
False
Is 345567599 a prime number?
False
Is 1100473 prime?
False
Is 15777745 prime?
False
Is 20623573 composite?
False
Is 14850257 prime?
True
Is 45155879 a composite number?
False
Is 7275283 a prime number?
True
Is 68515243 a composite number?
False
Is 3700261 a prime number?
True
Is 1520389 composite?
True
Is 13048979 a prime number?
False
Is 5497129 prime?
False
Is 96841399 composite?
True
Is 628235819 composite?
True
Is 509400245 composite?
True
Is 37631507 prime?
True
Is 136406233 prime?
True
Is 19299031 prime?
False
Is 46298441 a composite number?
True
Is 6753751 prime?
False
Is 664109 prime?
True
Is 1763389 composite?
True
Is 27245059 prime?
False
Is 1550141 composite?
False
Is 174386351 a composite number?
True
Is 127522517 prime?
False
Is 78732545 prime?
False
Is 392932913 composite?
True
Is 6070711 a composite number?
False
Is 26226955 prime?
False
Is 2029747 a composite number?
True
Is 120751 a prime number?
False
Is 4440959 a composite number?
False
Is 1751203 prime?
False
Is 111679201 a composite number?
True
Is 14116891 a composite number?
True
Is 1217971 prime?
False
Is 41981206 a prime number?
False
Is 1186282943 a prime number?
True
Is 2411821 composite?
False
Is 53710691 a prime number?
True
Is 176092781 a prime number?
True
Is 10596241 prime?
True
Is 41475581 a prime number?
False
Is 261987053 composite?
False
Is 5667281 prime?
True
Is 7665971 a composite number?
True
Is 14546395 a composite number?
True
Is 213154757 prime?
True
Is 40312373 prime?
False
Is 14039789 composite?
False
Is 217270673 a composite number?
True
Is 110416349 prime?
True
Is 21659501 a prime number?
False
Is 91837 prime?
True
Is 13468373 composite?
True
Is 14122867 prime?
False
Is 52175869 prime?
False
Is 171075341 composite?
False
Is 3945007 composite?
True
Is 18567431 a composite number?
False
Is 13580222 composite?
True
Is 36419533 a prime number?
False
Is 174689923 a prime number?
True
Is 31373923 prime?
False
Is 522157 a prime number?
True
Is 1610738 a composite number?
True
Is 2281607 composite?
False
Is 26541377 composite?
True
Is 53656417 a composite number?
False
Is 83449 a composite number?
False
Is 1973231057 a prime number?
False
Is 32435329 prime?
False
Is 88151537 prime?
True
Is 25151387 composite?
True
Is 930595 a prime number?
False
Is 5983877 composite?
False
Is 16399729 a prime number?
True
Is 13372583 prime?
False
Is 259321 a prime number?
True
Is 55002399 a prime number?
False
Is 32746901 a prime number?
False
Is 13468982 prime?
False
Is 31886219 a composite number?
False
Is 42668261 a prime number?
False
Is 176995847 a composite number?
True
Is 8131121 a prime number?
False
Is 122831713 prime?
False
Is 5484887 prime?
True
Is 51863303 composite?
False
Is 36825611 composite?
False
Is 27184931 a composite number?
False
Is 123031 composite?
False
Is 1854953 a prime number?
False
Is 50695711 a prime number?
False
Is 25072961 a composite number?
False
Is 25699357 a prime number?
True
Is 159974459 a prime number?
True
Is 37549201 a prime number?
False
Is 281054049 composite?
True
Is 6746651 a composite number?
False
Is 724017083 prime?
True
Is 7168507 composite?
False
Is 148225951 composite?
True
Is 8948798 a composite number?
True
Is 17201881 a composite number?
False
Is 851953 a prime number?
True
Is 166625367 prime?
False
Is 4950973 a composite number?
True
Is 17529439 prime?
False
Is 787217 a composite number?
False
Is 1096609 a composite number?
False
Is 75749389 a composite number?
True
Is 24287 prime?
False
Is 2561807 a prime number?
True
Is 4318297 a composite number?
True
Is 183727 a prime number?
False
Is 1321631 a composite number?
True
Is 8595127 a composite number?
False
Is 15222371 composite?
False
Is 1969043 prime?
False
Is 147812443 prime?
True
Is 60929689 a composite number?
True
Is 14591 a composite number?
False
Is 18373801 a composite number?
False
Is 18669741 a composite number?
True
Is 121850081 composite?
False
Is 16197421 prime?
True
Is 895049 a prime number?
True
Is 79337977 a composite number?
True
Is 40001171 composite?
True
Is 24551182 composite?
True
Is 13473203 a composite number?
True
Is 6654229 a composite number?
False
Is 2970202 composite?
True
Is 682609 composite?
True
Is 5415967 prime?
True
Is 33101 a prime number?
False
Is 1166639 a prime number?
True
Is 33344513 a prime number?
True
Is 4056509 a composite number?
False
Is 72425954 a prime number?
False
Is 611051 a prime number?
False
Is 3202573 a composite number?
True
Is 449413 prime?
False
Is 39788843 a prime number?
True
Is 117883461 composite?
True
Is 635868283 a composite number?
False
Is 91908599 a prime number?
False
Is 7754813 a prime number?
False
Is 10677607 composite?
False
Is 2215777 a composite number?
False
Is 128833387 composite?
False
Is 5327017 composite?
False
Is 280724165 a composite number?
True
Is 14151379 composite?
True
Is 181037897 a composite number?
False
Is 48273161 composite?
False
Is 410371 prime?
False
Is 562679 prime?
False
Is 445357 composite?
True
Is 210804397 prime?
True
Is 2136347 a composite number?
False
Is 153175537 a composite number?
False
Is 1200637 a prime number?
True
Is 219226117 prime?
False
Is 13250953 composite?
False
Is 14081539 composite?
False
Is 570881 a composite number?
False
Is 2913407 composite?
True
Is 280283 composite?
True
Is 3574463 prime?
True
Is 1029836485 composite?
True
Is 118521427 a composite number?
True
Is 121143379 a composite number?
True
Is 18556037 prime?
True
Is 589452823 a composite number?
True
Is 9467647 composite?
True
Is 20768459 prime?
False
Is 792521 prime?
True
Is 789558883 a composite number?
True
Is 10720321 prime?
True
Is 5243515 a prime number?
False
Is 32525917 prime?
True
Is 97633061 a composite number?
True
Is 753092773 a prime number?
True
Is 78566777 a prime number?
False
Is 1990691 prime?
True
Is 4501943 composite?
True
Is 74929 a composite number?
False
Is 131057 a prime number?
False
Is 44485321 prime?
False
Is 4331779 a prime number?
True
Is 10084303 composite?
True
Is 815923 composite?
False
Is 22461053 prime?
False
Is 447527491 composite?
True
Is 507886006 prime?
False
Is 1227377989 a prime number?
True
Is 22021661 a prime number?
False
Is 213439 prime?
False
Is 79083329 a composite number?
True
Is 4574233 a prime number?
True
Is 52633451 a prime number?
False
Is 25618909 prime?
False
Is 49173907 prime?
True
Is 20725889 prime?
True
Is 423316457 prime?
True
Is 18960958 prime?
False
Is 28093017 a prime number?
False
Is 57134243 prime?
False
Is 2886953 a composite number?
True
Is 110919219 a prime number?
False
Is 7475569 a prime number?
False
Is 630611 composite?
True
Is 15895703 a prime number?
False
